 of d(0)?
3
Suppose 0 = 4*w + 2*l - 942, 4*w - 927 = -7*l + 10*l. What is the units digit of w?
4
Suppose -4*h = h. Suppose 4*s + 44 = -h*l + 2*l, -s = l + 5. What is the units digit of (33/9)/((-3)/s)?
1
Suppose -101 = -t - 4*g - 10, 0 = 2*t + 4*g - 186. What is the tens digit of t?
9
Suppose 3*j - 8 - 1 = 0. Suppose u = -j*u + 92. What is the tens digit of u?
2
Let f = -6 - 1. Let c(t) = t + 17. What is the tens digit of c(f)?
1
Suppose 4*c = -2*s - 20, -2*s - 11 = -c + 2*c. What is the units digit of (-2 - c)*3*1?
3
Suppose -2*u + 6*u - 22 = l, u - 13 = 4*l. What is the units digit of l/10 - 284/(-20)?
4
Suppose 5*r - 17 = -4*z, 2*z - 4*r + 17 + 7 = 0. What is the units digit of (2/z)/(2 + -3)?
1
Let g(j) = j**2 - j + 4. What is the tens digit of g(-4)?
2
Let u = 7 - 4. Suppose -8*w + u*w + 2*n + 27 = 0, -5*w + 30 = -5*n. Let q(d) = d**2 - 5*d + 6. What is the units digit of q(w)?
6
Suppose 0 = -5*l + l. Suppose 3*b + 11 + 1 = l. Let j = 10 + b. What is the units digit of j?
6
Suppose -4*z - 4*s = -104, 3*s + 136 = 5*z + 5*s. What is the units digit of z?
8
What is the hundreds digit of (-7)/(-7) - 12*(-31)/2?
1
Let j(r) = -r + 0*r**3 + 2*r**3 + 2 + 2*r - 3*r**3 + 5*r**2. What is the units digit of j(5)?
7
Let h(v) = -v + 7. Suppose 23 = -3*c - 2*f, f + 0*f = -3*c - 22. Let g(a) = -a + 10. Let y(i) = c*h(i) + 5*g(i). What is the units digit of y(7)?
5
Suppose 3*d = y - 6*y + 54, 2*y - 5*d = 3. Suppose 3 = 4*u - y. Suppose -u*i = 3 - 21. What is the units digit of i?
6
Let x be 9/6*(-8)/(-6). Let o(m) = -5*m**x + 5 + 3*m**3 + 6*m - 4*m**3 + 0*m**3. What is the units digit of o(-6)?
5
Let a be 2 - (-2)/((-2)/(-3)). Let u = a - 3. Suppose -9 = -u*k + 5. What is the units digit of k?
7
Let d be 2 + -3 + 0 - 272. What is the units digit of 3/(-15) - d/15?
8
Suppose -3*f + 2*f = 0, -4*v + 40 = 3*f. What is the tens digit of v?
1
Suppose 2*w - 60 = 40. What is the units digit of w?
0
Let x(g) = -g**3 + 6*g**2 - 2*g - 7. Let v be x(5). Let a be (-2)/v + (-1)/(-4). Suppose -2*r = -a*r - 6. What is the units digit of r?
3
Suppose -180 = -2*m - 3*m. What is the units digit of m?
6
Suppose 2*d = -3*d + 10, j - 86 = 2*d. Suppose 0 = -5*m - 2*z - z + j, z = 0. What is the tens digit of m?
1
Suppose -3*o = -4*q - 40 + 149, 0 = 2*o + 2*q + 96. Let z = o + 69. What is the units digit of z?
6
Suppose 4*r - 2 = 2*r. What is the units digit of 2/r - (-16)/1?
8
Let f(g) = -g**2 - 10*g - 5. Let b be f(-9). Suppose j = -b*j + 160. What is the units digit of j?
2
Suppose 0 = 5*i + 3*b - 178, -2*b + 0*b + 30 = i. Suppose -h = h - i. What is the units digit of h?
9
Suppose -w + 1 = -4*z + 15, 0 = 3*z + 5*w + 1. Suppose -5*o + z*g = -140, 2*g - 7*g = o. What is the tens digit of o?
2
Let p = 9 - -3. What is the tens digit of p?
1
Let i(r) = -r**2 + 5*r + 4. Let w be i(5). Suppose 5*s = w*s - 4. What is the tens digit of (-10)/(1*2/s)?
2
What is the units digit of 27/(2/(-8) + (-7)/(-4))?
8
Let b = 9 - 6. What is the units digit of -1 - (-16)/(5 - b)?
7
Suppose 33*m - 73 = 32*m. What is the tens digit of m?
7
Let u(o) = o**3 + 8*o**2 + 5*o - 10. Let n be u(-7). Suppose -n*l = 5 - 13. Suppose -5*w = l*g - 12 - 33, 0 = -g. What is the units digit of w?
9
Suppose 115 = 5*c - 5*f, -5*c + 69 = -2*f - 43. What is the units digit of c?
2
Let u = 75 + 62. What is the hundreds digit of u?
1
Suppose -139 = -3*o - o + 3*l, -o = 5*l - 6. Let j = -21 + o. What is the units digit of j?
0
Let a(d) = d + 1. Let p be a(6). Let o(l) = l + 0*l - 1 + 7 - 3. What is the tens digit of o(p)?
1
Let d be (-11 + 14)/(1/12). What is the units digit of d*4*(-2)/(-12)?
4
Let o = -5 - -25. What is the units digit of o?
0
Let n be 0 - 1 - 160/2. Let f = n + 119. Suppose -3*j + f = -t + 5*t, t = -j + 14. What is the tens digit of j?
1
Suppose -3*x = -2*x - 4. Let i(a) = -a + 1. Let f(j) = 5*j - 6. Let d(v) = f(v) + 3*i(v). What is the units digit of d(x)?
5
Let o = 28 + 18. Let d = o - 2. What is the tens digit of d?
4
Suppose 2 = -4*s + 30. What is the units digit of s?
7
Let i be 3/(-6) - (-15)/6. Let t be 0 - (1 + i - 6). Suppose -z + 4 = d - 5, t*z = 2*d - 38. What is the tens digit of d?
1
Suppose -2*v + 46 = -36. What is the tens digit of v?
4
Suppose 4*h = 17 + 3. What is the units digit of h?
5
Let w(f) = -f**2 - 3*f + 2. Let m be w(-3). Suppose -1 - m = p, 0 = 5*g + 3*p - 21. What is the units digit of g?
6
Let o = 24 - -10. What is the units digit of o?
4
Let c = 17 - 11. What is the units digit of c?
6
Suppose 4*b = -9 - 47. Let w = 26 + b. What is the tens digit of w?
1
Let i = -6 - -10. Suppose -i*t + 11 = -3*t + 4*x, -t - 5*x + 13 = 0. What is the units digit of t?
3
Let b(p) = -14*p**2 + 3*p + 12. Let j(z) = -5*z**2 + z + 4. Let a(u) = 6*b(u) - 17*j(u). Let h be (0/(1 + -3))/(-1). What is the units digit of a(h)?
4
Suppose 2*p = -2*t + 74, 3*p = 4*t + 27 + 70. What is the tens digit of p?
3
Let d = 5 + -4. What is the units digit of -17 + 14 - (-32)/d?
9
What is the tens digit of 1396/52 - (-4)/26?
2
Let z = 10 - 1. Let u(i) = i**3 - 10*i**2 + 10*i - 9. Let j be u(z). Suppose -o - 5*x = j, 4*o + o - 52 = x. What is the units digit of o?
0
Suppose -d + 2*u + 9 = 0, 0*u = 4*d + u - 18. Suppose 3 = f - d. Let m(c) = c**2 - 5*c - 5. What is the tens digit of m(f)?
1
Let x = -31 + 43. Suppose 0 = -a - 0*j + 2*j + x, 27 = a - 5*j. Suppose -a*w - 3 + 7 = 0. What is the units digit of w?
2
Suppose -40 = -4*b + 20. What is the units digit of b*1 - 6/2?
2
Let l be (-1 - 2)/((-6)/(-8)). Let d = l - -18. What is the tens digit of d?
1
Suppose -5*v + 150 = g, 134 = 5*v - g - 16. What is the units digit of v?
0
Suppose 6*z + 160 = 2*z. Suppose -7*q - 84 = -3*q. Let y = q - z. What is the units digit of y?
9
Let p be (3 - -37) + (1 - 1). Suppose 3*c + o = -2*o + 6, -4*c + p = -4*o. What is the units digit of c?
6
Let j = 54 + 20. What is the units digit of j?
4
Let y = 3 - -4. Suppose 0 = -k - 3*s - 15, 4*s - y = -19. What is the units digit of k/15*(0 + -15)?
6
What is the units digit of (-11)/(110/(-625)) + 3/2?
4
What is the units digit of 15/5*-1 + 93?
0
Let q = -3 + 6. Suppose -q*o = 30 - 12. What is the units digit of o*(4/(-6) + 0)?
4
Let m = 1 - -6. Suppose m = 3*x - 11. Suppose -15 = -3*h + x. What is the units digit of h?
7
Suppose 5*t = -0*t + g + 48, -5*t + 39 = 2*g. What is the units digit of t?
9
What is the tens digit of (-2)/10 + (-3755)/(-25) + 2?
5
What is the units digit of 1110/48 + (1 - (-18)/(-16))?
3
Let l(z) = z**3 + 5*z**2 + 6*z + 3. Let m(r) = 4*r. Let q be m(-1). Let w be l(q). Let y = 2 - w. What is the units digit of y?
7
Let p(v) be the first derivative of v**2/2 - 4*v - 6. Let w be ((-2)/(-4))/(2/24). What is the units digit of p(w)?
2
Suppose -3*y = 3*u - 6, -3*y + 0*u = u. What is the units digit of -4 + 7 + y + 0?
2
Let o = 136 - 21. What is the units digit of o?
5
Suppose 2*n - 23 = -2*n + f, -19 = -4*n + 5*f. Suppose 36 = 2*i - 2*g + n, -3*g = 5*i - 115. What is the tens digit of i?
2
Suppose -3*c = -4*o + 5 + 44, -2*c + 74 = 4*o. Suppose 3*g + o = -3*t - 20, 5*g - 5*t = -100. Let b = -5 - g. What is the units digit of b?
1
Suppose -3*y + r = -45, -4*r = 2*y - 7 - 23. What is the tens digit of y?
1
Suppose -7 = -d - 2. Suppose -2*q - 1 = 3, 4*q - 77 = -d*p. What is the units digit of p?
7
Let f be (1*2)/(8/12). Let r(u) = u - 5*u - 4 + 3 + f. What is the tens digit of r(-5)?
2
Let m(t) = 3*t**2 - 7*t + 10. Let d(c) = -c - 1. Let u be d(-6). What is the units digit of m(u)?
0
Let o(t) be the first derivative of 5/3*t**3 - 5*t**2 - 9*t + 1/4*t**4 + 2. What is the units digit of o(-6)?
5
Let d = 20 - -4. What is the units digit of d?
4
Suppose 0 = -i - 4*i + 3*w - 1813, i - 5*w = -345. What is the tens digit of 2/(-8) + i/(-20)?
1
Let h = 51 - 27. What is the tens digit of h?
2
Suppose -5*j = -4*j - 3. Suppose -5*c - 2*r + 136 = -j*r, c - r - 24 = 0. What is the tens digit of c?
2
Suppose 258 = 2*h + 4*h. What is the tens digit of h?
4
Suppose -58 - 541 = -2*o - 3*p, -p - 579 = -2*o. What is the hundreds digit of o?
2
Let w(j) = j**3 + j**2 + j. Let f(n) = 5*n**3 - 2*n**2 + 2*n + 8. Let m(v) = -f(v) + 6*w(v). What is the tens digit of m(-7)?
1
Suppose 6*s - 10 = s. What is the units digit of 11 + s*6/4?
4
Suppose 0*a = -5*a + 4*d - 18, d = a + 4. Let y = -3 - a.